g. List the prime factors of z.
2, 3
Let p = 5 + 0. Let q = -34 - -37. Suppose -p*y + 49 = -0*y + d, q*d = 12. What are the prime factors of y?
3
Suppose 11*i - 6*i = -25, 0 = 4*w + 5*i - 5215. List the prime factors of w.
2, 5, 131
Let a(r) = -276*r + 41. What are the prime factors of a(-6)?
1697
Suppose -9*o + 4*o + 390 = 0. Let q = o - 8. What are the prime factors of q?
2, 5, 7
Let m = 3876 - 2142. List the prime factors of m.
2, 3, 17
Suppose 0 = 14*x - 677 - 975. List the prime factors of x.
2, 59
List the prime factors of (-6)/24*34*-70 - -1.
2, 149
Let d be (-1)/2*-12 + -3. Suppose -d = -w + 1. Let r(l) = 2*l**2 + 3. List the prime factors of r(w).
5, 7
Let n(r) = 108*r - 665. List the prime factors of n(47).
11, 401
Let o(t) = -91*t + 27. Let i be o(-6). What are the prime factors of -4 + i/3 - (0 + 1)?
2, 3, 31
Let u be 6/30 + (-3)/15. Suppose 0 = -2*x - l + 24 + 158, x - 3*l - 91 = u. Let c = x - 49. List the prime factors of c.
2, 3, 7
Suppose 0 = f - 3*f + 62. Let l = 17 + f. What are the prime factors of l?
2, 3
Suppose 4*a - 2*w = 4124, 4*a + w = -0*a + 4136. What are the prime factors of a?
1033
Let c(a) = -a. Let b(o) = 3*o - 1. Let z(w) = -b(w) + 6*c(w). Let k be z(1). List the prime factors of -16*(12/k - 2).
2, 7
Suppose -2*u + 0*u = 10, 5*n + u + 10 = 0. Let f(h) = -4*h**3 - 1. Let q be f(n). Suppose -5 - 4 = -q*t. List the prime factors of t.
3
Let n(q) = q**2 + 31*q - 4. What are the prime factors of n(-36)?
2, 11
Suppose v + 2*v - 4*c - 29 = 0, -3*v - 16 = 5*c. Suppose -d - 8 = -q, -d + v = -3*q + 17. What are the prime factors of 21/5 - q/15?
2
Let m = -3 + 4. Suppose -5*h = -4*v, h + m + 10 = 3*v. Suppose -65 = -v*x - 0*x. List the prime factors of x.
13
List the prime factors of 5 + (-135)/25 + (-2404)/(-10).
2, 3, 5
Let k = 1140 - 552. List the prime factors of k.
2, 3, 7
Let l(n) = n**3 + 30*n**2 - 11*n - 3. What are the prime factors of l(-10)?
7, 43
Suppose 0*b = -2*b + x - 6, 2 = 4*b + 5*x. What are the prime factors of (b - -6) + (220 - -9)?
233
Suppose 3*a + 2*c = -0 + 30, 0 = c - 3. Suppose 427 = a*h - 29. What are the prime factors of h?
3, 19
What are the prime factors of ((-2)/1)/((-29778)/(-4256) + -7)?
2, 19
Let h = -2092 + 4506. What are the prime factors of h?
2, 17, 71
Let f(b) = 2 - 5 + 69*b + 6 + 45*b. What are the prime factors of f(1)?
3, 13
Let y = -6 + 6. Let l be 3/5 - 594/(-10). Suppose y = -2*w - 3*w + l. List the prime factors of w.
2, 3
What are the prime factors of 9/6*(3 + (-1660)/(-12))?
2, 53
Let q(f) = 3*f + 3. Let c be q(2). Suppose 5*r - c - 1 = 0. Suppose 70 = r*y - 10. List the prime factors of y.
2, 5
Let j(l) = -10*l**3 - 3*l**2 + 5*l + 6. What are the prime factors of j(-4)?
2, 17
Let p be ((-2)/8)/(6/(-24)). List the prime factors of -3 + 6 - (p + -1).
3
What are the prime factors of ((-15)/(-10))/((-57)/(-189620))?
2, 5, 499
List the prime factors of 245 + (1 - -1) + (-5 - -6).
2, 31
Let h be 5 + 0 + 0 - 2. Suppose -3*y = 3*v, h*v + 2*y + 5 = 1. What are the prime factors of v/14 + (-92)/(-28)?
3
Suppose -3 = 4*x - 0*x - 3*o, 0 = 2*o - 2. Suppose -4*f = -2*p + 3*p - 284, x = -2*f + 4*p + 160. List the prime factors of f.
2, 3
Let o be 10/3*(1 + 3/6). Suppose -c = -o*c + 488. List the prime factors of c.
2, 61
Let h be (71/3)/(12/(-432)*-12). Let m(w) = 11*w + 3. Let n be m(-4). Let r = h + n. List the prime factors of r.
2, 3, 5
Suppose -32 = -5*h + h. Let p be 6/(-27) - h/(-36). Let i(b) = -b**3 - b**2 + b + 17. List the prime factors of i(p).
17
Suppose 0 = 7*h - 4*h + 18. Let k(t) = 15*t**2 + 29*t + 21. Let z(o) = 7*o**2 + 14*o + 10. Let l(m) = 6*k(m) - 13*z(m). List the prime factors of l(h).
2
Suppose 2*u = u. Let y be 29/(u + (-4)/(-8)). List the prime factors of y*(-3 + 14/4).
29
Let g(n) = -n**3 + n**2 + 6. Let h be -1 + (-2)/(0 + -2). Let v be g(h). Suppose -p = -v + 3. What are the prime factors of p?
3
Suppose 3*d - 5*g + 10 = 0, 4*d + 9 - 3 = 3*g. Suppose d = -v + c - 0*c + 166, c - 4 = 0. What are the prime factors of v?
2, 5, 17
Let c be 29*(13/(-3) - 2/3). List the prime factors of -4 - (4 + 0 + c).
137
Let g = 60 + 48. Suppose 16*w + g = 20*w. What are the prime factors of w?
3
Let j be (18/5)/((-8)/(-20)). Suppose -5*v = -2*v - j, k + 12 = -2*v. Let f = 12 - k. List the prime factors of f.
2, 3, 5
Suppose 0 = 5*q - 3*z - 10462, 5*q - 13979 + 3519 = 5*z. List the prime factors of q.
7, 13, 23
Let c be 2/30*3 - (-95)/25. What are the prime factors of (-43 - (5 + -10))/(c/(-10))?
5, 19
Suppose 42*r + 2345 = 49*r. List the prime factors of r.
5, 67
Let w(s) = -s**2 + 1. Let c(m) = 7*m**2 - 8*m + 3. Let j(y) = -c(y) - 6*w(y). What are the prime factors of j(3)?
2, 3
Suppose -k + l + 3 = -7, 0 = 5*k - 4*l - 45. Suppose 0*f + 515 = k*f. What are the prime factors of f?
103
What are the prime factors of (31 + -1)*493/87?
2, 5, 17
Let x be ((-5)/(-3))/((-1)/(-3)). Suppose -x*r + 524 = -r. List the prime factors of r.
131
Let v be (-12)/(-20) - 244/(-10). Let z be ((-10)/v)/((-3)/15). Suppose z*l - 5*s - 115 = 0, 0*s = 3*s - 9. List the prime factors of l.
5, 13
Suppose 285 - 542 = -j. List the prime factors of j.
257
Let b be 17 - 1 - (2 + -1). Let l be (-14)/(-3) + 5/b. Suppose 19 = 4*i + l*y - 1, -y = -5*i + 25. List the prime factors of i.
5
Suppose -137 = 29*x - 5908. What are the prime factors of x?
199
Suppose 0 = -2*b + 331 + 169. Suppose 7*n = 121 + b. What are the prime factors of n?
53
Suppose 5*b = -3*i + 23570, 3*i + 13748 = 3*b - 418. What are the prime factors of b?
53, 89
Let m be ((-3)/(-2))/(-3 - 345/(-114)). Let j = m + 15. What are the prime factors of j?
2, 3
Suppose 6*i - 128 = 2*i. Let y = 85 - i. List the prime factors of y.
53
Let m(v) = 218*v - 39. What are the prime factors of m(4)?
7, 17
What are the prime factors of (-19621)/(-6) - 5/(10 - -20)?
2, 3, 5, 109
Suppose -s + 3 + 2 = 0. Suppose -204 = -4*o + 3*r, -o - s*r + 33 = -18. What are the prime factors of o?
3, 17
Let m(b) = b**2 - 1. Let g be m(-4). Suppose 4*h = g - 67. Let n = h - -30. What are the prime factors of n?
17
Suppose 0 = 2*w + w, 5*o - 3*w = 5. Let n(j) = -7*j**3 + 11*j**2. Let s(q) = -q**2. Let r(i) = -2*n(i) - 22*s(i). What are the prime factors of r(o)?
2, 7
Let p = -139 - -386. Suppose 2*i - 57 = 2*r - p, -2*i = -2. What are the prime factors of r?
2, 3
What are the prime factors of (-1)/((-6)/(-15))*7*-8?
2, 5, 7
Suppose f - 3*f = -6. Suppose -3*r - f*a + 45 = 0, 5*r - 94 = 2*a + 9. Suppose -12 = 3*b - 4*m - 71, 3*b = -4*m + r. List the prime factors of b.
13
Let j(p) = 3*p**2 - 37*p**3 + 2 + 36*p**3 - 2*p**2 - 3*p. Let h be j(2). What are the prime factors of (18/h)/((-9)/60)?
3, 5
Let p(u) = -6*u - 193. List the prime factors of p(-33).
5
Suppose -4*f + 10 = i, -4*f - 2*i + 4 = -8. Suppose -a = f*m, -4*a - 16 = -0*a. What are the prime factors of m?
2
Let m(h) = 1065*h**2 - 73*h + 72. List the prime factors of m(1).
2, 7, 19
Let j(h) = h**2 - h + 123. Let g be 2 - (-6)/15*-5. Let d be j(g). Suppose -4*q + d = -q. What are the prime factors of q?
41
Let f be -6*((-64)/(-12))/4. What are the prime factors of (34/f)/((-4)/16)?
17
Suppose 205 - 2341 = 3*d. List the prime factors of (d/(-1 + 5))/(2 - 4).
89
Let q = -45 - -104. Let j = 149 - q. List the prime factors of j.
2, 3, 5
Suppose -p + 37 = -4*n - 49, 0 = -2*p - 4*n + 232. List the prime factors of p.
2, 53
Let f = -45 - -339. What are the prime factors of f?
2, 3, 7
Let m be ((-2)/(-4))/(3/1074). Let q = 271 - m. What are the prime factors of q?
2, 23
Let h = -16 + 13. Let t(q) = 3*q**2 + 2*q + 7. Let j(s) = -3*s**2 - 2*s - 8. Let g(v) = 5*j(v) + 6*t(v). What are the prime factors of g(h)?
23
Let k be (-6)/(-4) + 4/8. Suppose -3*r + 6*r - 137 = -5*w, -k*w - 4*r + 66 = 0. List the prime factors of 240/w - 3/5.
3
Let p(y) = -y**3 - 6*y**2 - 7*y - 1. Let w be p(-5). Suppose -1 = 4*u - w. Suppose 2*k = -u*k + 204. What are the prime factors of k?
3, 17
Suppose -18*w = -1559 - 18799. What are the prime factors of w?
3, 13, 29
Let x(p) = p**3 - 6*p**2 - 2*p - 6. Let j be x(6). Let l = -365 + 344. Let m = j - l. What are the prime factors of m?
3
Let v(q) = -q**3 + 4*q**2 - 2. Let h be v(3). Suppose 5 + 34 = 2*i + 3*c, 2*i - 5*c = -1. Let j = i + h. List the prime factors of j.
19
Let m be -2 - (472 + (2 - 2)*1). Le